{"id":132,"date":"2021-03-12T19:06:36","date_gmt":"2021-03-12T19:06:36","guid":{"rendered":"http:\/\/demo.acmethemes.com\/medical-circle\/?page_id=88"},"modified":"2021-03-15T19:56:06","modified_gmt":"2021-03-15T19:56:06","slug":"donarea-de-sange","status":"publish","type":"page","link":"https:\/\/cs-mihaileni.md\/index.php\/donarea-de-sange\/","title":{"rendered":"Donarea de s\u00e2nge"},"content":{"rendered":"<p>Donarea are loc \u00een luna iunie. To\u021bi doritorii de a dona s\u00e2nge sunt a\u0219tepta\u021bi pe dat\u0103 care o vom publica \u00een cur\u00e2nd sau zilnic la centrele de transfuzie a s\u00e2ngelui.<\/p>\n<p><b>Donarea de s\u00e2nge<\/b>\u00a0\u00een scopuri terapeutice este un gest umanitar, benevol, neremunerat \u0219i anonim. Recoltarea \u0219i conservarea de s\u00e2nge \u0219i de plasm\u0103 se fac conform instruc\u021biunilor Ministerului S\u0103n\u0103t\u0103\u021bii, numai sub supraveghere \u0219i responsabilitate medical\u0103.<sup id=\"cite_ref-cdep_1-0\" class=\"reference\"><\/sup><\/p>\n<p>La o donare, se preleveaz\u0103 5\u20137 ml\/kg corp greutate donator, dar nu mai mult de 450 ml. <sup id=\"cite_ref-cdep_1-1\" class=\"reference\"><\/sup>Cu acordul donatorului s\u00e2ngele va fi testat pentru a afla\u00a0grupa sanguin\u0103\u00a0\u0219i se face\u00a0screening\u00a0pentru infec\u021bii. Dac\u0103 testele reveleaz\u0103 o problem\u0103 de s\u0103n\u0103tate, donatorul va fi informat \u0219i \u00eendrumat spre consult de specialitate.<\/p>\n<p>Dup\u0103 donarea de s\u00e2nge, se recomand\u0103 men\u021binerea pozi\u021biei orizontale pentru \u00eenc\u0103 10\u201315 de minute, pentru a evita apari\u021bia efectelor adverse postdonare. Se recomand\u0103 evitarea efortului fizic \u0219i consumul de alcool dup\u0103 donare. Se va suplimenta consumul de lichide timp de 2\u20133 zile dup\u0103 donare, iar regimul alimentar va fi bogat \u00een proteine animale (ou\u0103, carne).<\/p>\n","protected":false},"excerpt":{"rendered":"<p>Dac\u0103 dori\u021bi s\u0103 dona\u021bi s\u00e2nge trebuie s\u0103 afla\u021bi c\u0103 este foarte simplu \u0219i sigur s\u0103 face\u021bi acest lucru.<br \/>\nDonarea de s\u00e2nge este un act voluntar, anonim \u0219i neremunerat. <\/p>\n","protected":false},"author":1,"featured_media":0,"parent":0,"menu_order":0,"comment_status":"closed","ping_status":"closed","template":"","meta":{"_monsterinsights_skip_tracking":false,"_monsterinsights_sitenote_active":false,"_monsterinsights_sitenote_note":"","_monsterinsights_sitenote_category":0,"footnotes":""},"class_list":["post-132","page","type-page","status-publish","hentry"],"yoast_head":"<!-- This site is optimized with the Yoast SEO plugin v27.4 - https:\/\/yoast.com\/product\/yoast-seo-wordpress\/ -->\n<title>Donarea de s\u00e2nge - Centrul de S\u0103n\u0103tate Mih\u0103ileni<\/title>\n<meta name=\"robots\" content=\"index, follow, max-snippet:-1, max-image-preview:large, max-video-preview:-1\" \/>\n<link rel=\"canonical\" href=\"https:\/\/cs-mihaileni.md\/index.php\/donarea-de-sange\/\" \/>\n<meta property=\"og:locale\" content=\"ro_RO\" \/>\n<meta property=\"og:type\" content=\"article\" \/>\n<meta property=\"og:title\" content=\"Donarea de s\u00e2nge - Centrul de S\u0103n\u0103tate Mih\u0103ileni\" \/>\n<meta property=\"og:description\" content=\"Dac\u0103 dori\u021bi s\u0103 dona\u021bi s\u00e2nge trebuie s\u0103 afla\u021bi c\u0103 este foarte simplu \u0219i sigur s\u0103 face\u021bi acest lucru. Donarea de s\u00e2nge este un act voluntar, anonim \u0219i neremunerat.\" \/>\n<meta property=\"og:url\" content=\"https:\/\/cs-mihaileni.md\/index.php\/donarea-de-sange\/\" \/>\n<meta property=\"og:site_name\" content=\"Centrul de S\u0103n\u0103tate Mih\u0103ileni\" \/>\n<meta property=\"article:modified_time\" content=\"2021-03-15T19:56:06+00:00\" \/>\n<meta name=\"twitter:card\" content=\"summary_large_image\" \/>\n<meta name=\"twitter:label1\" content=\"Timp estimat pentru citire\" \/>\n\t<meta name=\"twitter:data1\" content=\"1 minut\" \/>\n<script type=\"application\/ld+json\" class=\"yoast-schema-graph\">{\"@context\":\"https:\\\/\\\/schema.org\",\"@graph\":[{\"@type\":\"WebPage\",\"@id\":\"https:\\\/\\\/cs-mihaileni.md\\\/index.php\\\/donarea-de-sange\\\/\",\"url\":\"https:\\\/\\\/cs-mihaileni.md\\\/index.php\\\/donarea-de-sange\\\/\",\"name\":\"Donarea de s\u00e2nge - Centrul de S\u0103n\u0103tate Mih\u0103ileni\",\"isPartOf\":{\"@id\":\"https:\\\/\\\/cs-mihaileni.md\\\/#website\"},\"datePublished\":\"2021-03-12T19:06:36+00:00\",\"dateModified\":\"2021-03-15T19:56:06+00:00\",\"breadcrumb\":{\"@id\":\"https:\\\/\\\/cs-mihaileni.md\\\/index.php\\\/donarea-de-sange\\\/#breadcrumb\"},\"inLanguage\":\"ro-RO\",\"potentialAction\":[{\"@type\":\"ReadAction\",\"target\":[\"https:\\\/\\\/cs-mihaileni.md\\\/index.php\\\/donarea-de-sange\\\/\"]}]},{\"@type\":\"BreadcrumbList\",\"@id\":\"https:\\\/\\\/cs-mihaileni.md\\\/index.php\\\/donarea-de-sange\\\/#breadcrumb\",\"itemListElement\":[{\"@type\":\"ListItem\",\"position\":1,\"name\":\"Prima pagin\u0103\",\"item\":\"https:\\\/\\\/cs-mihaileni.md\\\/\"},{\"@type\":\"ListItem\",\"position\":2,\"name\":\"Donarea de s\u00e2nge\"}]},{\"@type\":\"WebSite\",\"@id\":\"https:\\\/\\\/cs-mihaileni.md\\\/#website\",\"url\":\"https:\\\/\\\/cs-mihaileni.md\\\/\",\"name\":\"Centrul de S\u0103n\u0103tate Mih\u0103ileni\",\"description\":\"Institu\u0163ie Medico-Sanitar\u0103 Public\u0103\",\"potentialAction\":[{\"@type\":\"SearchAction\",\"target\":{\"@type\":\"EntryPoint\",\"urlTemplate\":\"https:\\\/\\\/cs-mihaileni.md\\\/?s={search_term_string}\"},\"query-input\":{\"@type\":\"PropertyValueSpecification\",\"valueRequired\":true,\"valueName\":\"search_term_string\"}}],\"inLanguage\":\"ro-RO\"}]}<\/script>\n<!-- \/ Yoast SEO plugin. -->","yoast_head_json":{"title":"Donarea de s\u00e2nge - Centrul de S\u0103n\u0103tate Mih\u0103ileni","robots":{"index":"index","follow":"follow","max-snippet":"max-snippet:-1","max-image-preview":"max-image-preview:large","max-video-preview":"max-video-preview:-1"},"canonical":"https:\/\/cs-mihaileni.md\/index.php\/donarea-de-sange\/","og_locale":"ro_RO","og_type":"article","og_title":"Donarea de s\u00e2nge - Centrul de S\u0103n\u0103tate Mih\u0103ileni","og_description":"Dac\u0103 dori\u021bi s\u0103 dona\u021bi s\u00e2nge trebuie s\u0103 afla\u021bi c\u0103 este foarte simplu \u0219i sigur s\u0103 face\u021bi acest lucru. Donarea de s\u00e2nge este un act voluntar, anonim \u0219i neremunerat.","og_url":"https:\/\/cs-mihaileni.md\/index.php\/donarea-de-sange\/","og_site_name":"Centrul de S\u0103n\u0103tate Mih\u0103ileni","article_modified_time":"2021-03-15T19:56:06+00:00","twitter_card":"summary_large_image","twitter_misc":{"Timp estimat pentru citire":"1 minut"},"schema":{"@context":"https:\/\/schema.org","@graph":[{"@type":"WebPage","@id":"https:\/\/cs-mihaileni.md\/index.php\/donarea-de-sange\/","url":"https:\/\/cs-mihaileni.md\/index.php\/donarea-de-sange\/","name":"Donarea de s\u00e2nge - Centrul de S\u0103n\u0103tate Mih\u0103ileni","isPartOf":{"@id":"https:\/\/cs-mihaileni.md\/#website"},"datePublished":"2021-03-12T19:06:36+00:00","dateModified":"2021-03-15T19:56:06+00:00","breadcrumb":{"@id":"https:\/\/cs-mihaileni.md\/index.php\/donarea-de-sange\/#breadcrumb"},"inLanguage":"ro-RO","potentialAction":[{"@type":"ReadAction","target":["https:\/\/cs-mihaileni.md\/index.php\/donarea-de-sange\/"]}]},{"@type":"BreadcrumbList","@id":"https:\/\/cs-mihaileni.md\/index.php\/donarea-de-sange\/#breadcrumb","itemListElement":[{"@type":"ListItem","position":1,"name":"Prima pagin\u0103","item":"https:\/\/cs-mihaileni.md\/"},{"@type":"ListItem","position":2,"name":"Donarea de s\u00e2nge"}]},{"@type":"WebSite","@id":"https:\/\/cs-mihaileni.md\/#website","url":"https:\/\/cs-mihaileni.md\/","name":"Centrul de S\u0103n\u0103tate Mih\u0103ileni","description":"Institu\u0163ie Medico-Sanitar\u0103 Public\u0103","potentialAction":[{"@type":"SearchAction","target":{"@type":"EntryPoint","urlTemplate":"https:\/\/cs-mihaileni.md\/?s={search_term_string}"},"query-input":{"@type":"PropertyValueSpecification","valueRequired":true,"valueName":"search_term_string"}}],"inLanguage":"ro-RO"}]}},"_links":{"self":[{"href":"https:\/\/cs-mihaileni.md\/index.php\/wp-json\/wp\/v2\/pages\/132","targetHints":{"allow":["GET"]}}],"collection":[{"href":"https:\/\/cs-mihaileni.md\/index.php\/wp-json\/wp\/v2\/pages"}],"about":[{"href":"https:\/\/cs-mihaileni.md\/index.php\/wp-json\/wp\/v2\/types\/page"}],"author":[{"embeddable":true,"href":"https:\/\/cs-mihaileni.md\/index.php\/wp-json\/wp\/v2\/users\/1"}],"replies":[{"embeddable":true,"href":"https:\/\/cs-mihaileni.md\/index.php\/wp-json\/wp\/v2\/comments?post=132"}],"version-history":[{"count":5,"href":"https:\/\/cs-mihaileni.md\/index.php\/wp-json\/wp\/v2\/pages\/132\/revisions"}],"predecessor-version":[{"id":352,"href":"https:\/\/cs-mihaileni.md\/index.php\/wp-json\/wp\/v2\/pages\/132\/revisions\/352"}],"wp:attachment":[{"href":"https:\/\/cs-mihaileni.md\/index.php\/wp-json\/wp\/v2\/media?parent=132"}],"curies":[{"name":"wp","href":"https:\/\/api.w.org\/{rel}","templated":true}]}}