{"id":148,"date":"2021-03-12T18:35:12","date_gmt":"2021-03-12T18:35:12","guid":{"rendered":"http:\/\/demo.acmethemes.com\/medical-circle\/?page_id=56"},"modified":"2021-04-06T12:25:42","modified_gmt":"2021-04-06T12:25:42","slug":"medici-experimentati","status":"publish","type":"page","link":"https:\/\/cs-mihaileni.md\/index.php\/medici-experimentati\/","title":{"rendered":"Medici experimenta\u021bi"},"content":{"rendered":"<p>Reorientarea asistentei medicale spre medicina omului sanatos a dat o noua dimensiune specialitatii MEDICINA DE FAMILIE si, in acelasi timp, a condus la redescoperirea rolului esential al medicului de familie. De aceea astazi este la fel de importanta o buna alegere a medicului tau de familie, pe cat este alegerea unui medic specialist in conditii de boala. Pentru ca odata ales, medicul de familie devine mentorul si strategul sanatatii tale.<\/p>\n<p>Calit\u0103\u0163ile unui bun medic de familie sunt (dincolo de competen\u0163a pur profesional\u0103 \u2013 valoare a oricarei specialit\u0103\u0163i medicale): de a explica limpede pacien\u0163ilor lucruri legate de s\u0103n\u0103tatea lor, de a-i informa \u00een privin\u0163a tuturor op\u0163iunilor posibile privind prevenirea bolilor, diagnosticul \u015fi tratamentul; de a putea fi u\u015for de g\u0103sit \u015fi de abordat de c\u0103tre pacien\u0163ii s\u0103i; de a avea rela\u0163ii \u015fi leg\u0103turi \u00een lumea medical\u0103 \u015fi de a avea no\u0163iuni de legisla\u0163ie medical\u0103.<\/p>\n<p>Medicii de familie sunt medici speciali\u015fti educa\u0163i \u00een conformitate cu caracteristicile disciplinei. Ei sunt medici personali, \u00een principal responsabili pentru asigurarea de \u00eengrijiri continue \u015fi comprehensive oric\u0103rei persoane care necesit\u0103 asisten\u0163\u0103 medical\u0103, f\u0103r\u0103 deosebire de v\u00e2rst\u0103, sex \u015fi boal\u0103. Ei \u00eengrijesc persoana \u00een contextul familial, comunitar \u015fi cultural al acesteia, respect\u00e2nd autonomia pacien\u0163ilor lor. Medicii de familie au responsabilitate profesional\u0103 fa\u0163\u0103 de comunitate. \u00cen procesul de management al bolii, ei integreaz\u0103 factori fizici, psihologici, sociali, culturali \u015fi existen\u0163iali, folosind cuno\u015ftin\u0163ele \u015fi \u00eencrederea n\u0103scute din contactele repetate. Medicii de familie \u00ee\u015fi exercit\u0103 rolul profesional promov\u00e2nd s\u0103n\u0103tatea, prevenind \u00eemboln\u0103virea \u015fi furniz\u00e2nd tratament curativ sau paliativ. Acest lucru se \u00eent\u00e2mpl\u0103 fie direct, fie prin intermediul altor servicii, potrivit nevoilor de s\u0103n\u0103tate \u015fi resurselor disponibile \u00een comunitatea pe care o servesc, asist\u00e2nd pacien\u0163ii \u00een accesarea acestor servicii. Ei trebuie s\u0103 \u00ee\u015fi asume responsabilitatea pentru dezvoltarea \u015fi men\u0163inerea abilit\u0103\u0163ilor lor, a echilibrului \u015fi a valorilor personale pentru o asisten\u0163\u0103 medical\u0103 efectiv\u0103 \u015fi sigur\u0103.<\/p>\n<p>\u00cen primul r\u00e2nd medicul de familie asigura asistenta medicala si sociala tuturor pacientilor indiferent de v\u00e2rsta, sex sau patologie si reprezinta legatura dintre comunitate si sistemul national de sanatate. Medicul de familie abordeaza pacientul at\u00e2t \u00een conditii de sanatate, c\u00e2t si \u00een conditii de boala; are rolul de a supraveghea si mentine starea optima de sanatate si de a promova un stil de viata sanatos, de a depista o boala cronica in faza incipienta si de a preveni si trata complicatiile unei afectiuni.<\/p>\n\n\n<p><\/p>\n","protected":false},"excerpt":{"rendered":"<p>Reorientarea asistentei medicale spre medicina omului sanatos a dat o noua dimensiune specialitatii MEDICINA DE FAMILIE si, in acelasi timp, a condus la redescoperirea rolului esential al medicului de familie. De aceea astazi este la fel de importanta o buna alegere a medicului tau de familie, pe cat este alegerea unui medic specialist in conditii&hellip;<\/p>\n","protected":false},"author":1,"featured_media":560,"parent":0,"menu_order":0,"comment_status":"closed","ping_status":"closed","template":"","meta":{"_monsterinsights_skip_tracking":false,"_monsterinsights_sitenote_active":false,"_monsterinsights_sitenote_note":"","_monsterinsights_sitenote_category":0,"footnotes":""},"class_list":["post-148","page","type-page","status-publish","has-post-thumbnail","hentry"],"yoast_head":"<!-- This site is optimized with the Yoast SEO plugin v27.4 - https:\/\/yoast.com\/product\/yoast-seo-wordpress\/ -->\n<title>Medici experimenta\u021bi - Centrul de S\u0103n\u0103tate Mih\u0103ileni<\/title>\n<meta name=\"description\" content=\"Medici experimentati. Medicii de familie \u00ee\u015fi exercit\u0103 rolul profesional promov\u00e2nd s\u0103n\u0103tatea, prevenind \u00eemboln\u0103virea \u015fi furniz\u00e2nd tratament curativ sau paliativ.\" \/>\n<meta name=\"robots\" content=\"index, follow, max-snippet:-1, max-image-preview:large, max-video-preview:-1\" \/>\n<link rel=\"canonical\" href=\"https:\/\/cs-mihaileni.md\/index.php\/medici-experimentati\/\" \/>\n<meta property=\"og:locale\" content=\"ro_RO\" \/>\n<meta property=\"og:type\" content=\"article\" \/>\n<meta property=\"og:title\" content=\"Medici experimenta\u021bi - Centrul de S\u0103n\u0103tate Mih\u0103ileni\" \/>\n<meta property=\"og:description\" content=\"Medici experimentati. Medicii de familie \u00ee\u015fi exercit\u0103 rolul profesional promov\u00e2nd s\u0103n\u0103tatea, prevenind \u00eemboln\u0103virea \u015fi furniz\u00e2nd tratament curativ sau paliativ.\" \/>\n<meta property=\"og:url\" content=\"https:\/\/cs-mihaileni.md\/index.php\/medici-experimentati\/\" \/>\n<meta property=\"og:site_name\" content=\"Centrul de S\u0103n\u0103tate Mih\u0103ileni\" \/>\n<meta property=\"article:modified_time\" content=\"2021-04-06T12:25:42+00:00\" \/>\n<meta property=\"og:image\" content=\"https:\/\/cs-mihaileni.md\/wp-content\/uploads\/2021\/04\/viber_image_2021-03-15_20-34-47.jpg\" \/>\n\t<meta property=\"og:image:width\" content=\"1600\" \/>\n\t<meta property=\"og:image:height\" content=\"1066\" \/>\n\t<meta property=\"og:image:type\" content=\"image\/jpeg\" \/>\n<meta name=\"twitter:card\" content=\"summary_large_image\" \/>\n<meta name=\"twitter:label1\" content=\"Timp estimat pentru citire\" \/>\n\t<meta name=\"twitter:data1\" content=\"2 minute\" \/>\n<script type=\"application\/ld+json\" class=\"yoast-schema-graph\">{\"@context\":\"https:\\\/\\\/schema.org\",\"@graph\":[{\"@type\":\"WebPage\",\"@id\":\"https:\\\/\\\/cs-mihaileni.md\\\/index.php\\\/medici-experimentati\\\/\",\"url\":\"https:\\\/\\\/cs-mihaileni.md\\\/index.php\\\/medici-experimentati\\\/\",\"name\":\"Medici experimenta\u021bi - Centrul de S\u0103n\u0103tate Mih\u0103ileni\",\"isPartOf\":{\"@id\":\"https:\\\/\\\/cs-mihaileni.md\\\/#website\"},\"primaryImageOfPage\":{\"@id\":\"https:\\\/\\\/cs-mihaileni.md\\\/index.php\\\/medici-experimentati\\\/#primaryimage\"},\"image\":{\"@id\":\"https:\\\/\\\/cs-mihaileni.md\\\/index.php\\\/medici-experimentati\\\/#primaryimage\"},\"thumbnailUrl\":\"https:\\\/\\\/cs-mihaileni.md\\\/wp-content\\\/uploads\\\/2021\\\/04\\\/viber_image_2021-03-15_20-34-47.jpg\",\"datePublished\":\"2021-03-12T18:35:12+00:00\",\"dateModified\":\"2021-04-06T12:25:42+00:00\",\"description\":\"Medici experimentati. Medicii de familie \u00ee\u015fi exercit\u0103 rolul profesional promov\u00e2nd s\u0103n\u0103tatea, prevenind \u00eemboln\u0103virea \u015fi furniz\u00e2nd tratament curativ sau paliativ.\",\"breadcrumb\":{\"@id\":\"https:\\\/\\\/cs-mihaileni.md\\\/index.php\\\/medici-experimentati\\\/#breadcrumb\"},\"inLanguage\":\"ro-RO\",\"potentialAction\":[{\"@type\":\"ReadAction\",\"target\":[\"https:\\\/\\\/cs-mihaileni.md\\\/index.php\\\/medici-experimentati\\\/\"]}]},{\"@type\":\"ImageObject\",\"inLanguage\":\"ro-RO\",\"@id\":\"https:\\\/\\\/cs-mihaileni.md\\\/index.php\\\/medici-experimentati\\\/#primaryimage\",\"url\":\"https:\\\/\\\/cs-mihaileni.md\\\/wp-content\\\/uploads\\\/2021\\\/04\\\/viber_image_2021-03-15_20-34-47.jpg\",\"contentUrl\":\"https:\\\/\\\/cs-mihaileni.md\\\/wp-content\\\/uploads\\\/2021\\\/04\\\/viber_image_2021-03-15_20-34-47.jpg\",\"width\":1600,\"height\":1066},{\"@type\":\"BreadcrumbList\",\"@id\":\"https:\\\/\\\/cs-mihaileni.md\\\/index.php\\\/medici-experimentati\\\/#breadcrumb\",\"itemListElement\":[{\"@type\":\"ListItem\",\"position\":1,\"name\":\"Prima pagin\u0103\",\"item\":\"https:\\\/\\\/cs-mihaileni.md\\\/\"},{\"@type\":\"ListItem\",\"position\":2,\"name\":\"Medici experimenta\u021bi\"}]},{\"@type\":\"WebSite\",\"@id\":\"https:\\\/\\\/cs-mihaileni.md\\\/#website\",\"url\":\"https:\\\/\\\/cs-mihaileni.md\\\/\",\"name\":\"Centrul de S\u0103n\u0103tate Mih\u0103ileni\",\"description\":\"Institu\u0163ie Medico-Sanitar\u0103 Public\u0103\",\"potentialAction\":[{\"@type\":\"SearchAction\",\"target\":{\"@type\":\"EntryPoint\",\"urlTemplate\":\"https:\\\/\\\/cs-mihaileni.md\\\/?s={search_term_string}\"},\"query-input\":{\"@type\":\"PropertyValueSpecification\",\"valueRequired\":true,\"valueName\":\"search_term_string\"}}],\"inLanguage\":\"ro-RO\"}]}<\/script>\n<!-- \/ Yoast SEO plugin. -->","yoast_head_json":{"title":"Medici experimenta\u021bi - Centrul de S\u0103n\u0103tate Mih\u0103ileni","description":"Medici experimentati. Medicii de familie \u00ee\u015fi exercit\u0103 rolul profesional promov\u00e2nd s\u0103n\u0103tatea, prevenind \u00eemboln\u0103virea \u015fi furniz\u00e2nd tratament curativ sau paliativ.","robots":{"index":"index","follow":"follow","max-snippet":"max-snippet:-1","max-image-preview":"max-image-preview:large","max-video-preview":"max-video-preview:-1"},"canonical":"https:\/\/cs-mihaileni.md\/index.php\/medici-experimentati\/","og_locale":"ro_RO","og_type":"article","og_title":"Medici experimenta\u021bi - Centrul de S\u0103n\u0103tate Mih\u0103ileni","og_description":"Medici experimentati. Medicii de familie \u00ee\u015fi exercit\u0103 rolul profesional promov\u00e2nd s\u0103n\u0103tatea, prevenind \u00eemboln\u0103virea \u015fi furniz\u00e2nd tratament curativ sau paliativ.","og_url":"https:\/\/cs-mihaileni.md\/index.php\/medici-experimentati\/","og_site_name":"Centrul de S\u0103n\u0103tate Mih\u0103ileni","article_modified_time":"2021-04-06T12:25:42+00:00","og_image":[{"width":1600,"height":1066,"url":"https:\/\/cs-mihaileni.md\/wp-content\/uploads\/2021\/04\/viber_image_2021-03-15_20-34-47.jpg","type":"image\/jpeg"}],"twitter_card":"summary_large_image","twitter_misc":{"Timp estimat pentru citire":"2 minute"},"schema":{"@context":"https:\/\/schema.org","@graph":[{"@type":"WebPage","@id":"https:\/\/cs-mihaileni.md\/index.php\/medici-experimentati\/","url":"https:\/\/cs-mihaileni.md\/index.php\/medici-experimentati\/","name":"Medici experimenta\u021bi - Centrul de S\u0103n\u0103tate Mih\u0103ileni","isPartOf":{"@id":"https:\/\/cs-mihaileni.md\/#website"},"primaryImageOfPage":{"@id":"https:\/\/cs-mihaileni.md\/index.php\/medici-experimentati\/#primaryimage"},"image":{"@id":"https:\/\/cs-mihaileni.md\/index.php\/medici-experimentati\/#primaryimage"},"thumbnailUrl":"https:\/\/cs-mihaileni.md\/wp-content\/uploads\/2021\/04\/viber_image_2021-03-15_20-34-47.jpg","datePublished":"2021-03-12T18:35:12+00:00","dateModified":"2021-04-06T12:25:42+00:00","description":"Medici experimentati. Medicii de familie \u00ee\u015fi exercit\u0103 rolul profesional promov\u00e2nd s\u0103n\u0103tatea, prevenind \u00eemboln\u0103virea \u015fi furniz\u00e2nd tratament curativ sau paliativ.","breadcrumb":{"@id":"https:\/\/cs-mihaileni.md\/index.php\/medici-experimentati\/#breadcrumb"},"inLanguage":"ro-RO","potentialAction":[{"@type":"ReadAction","target":["https:\/\/cs-mihaileni.md\/index.php\/medici-experimentati\/"]}]},{"@type":"ImageObject","inLanguage":"ro-RO","@id":"https:\/\/cs-mihaileni.md\/index.php\/medici-experimentati\/#primaryimage","url":"https:\/\/cs-mihaileni.md\/wp-content\/uploads\/2021\/04\/viber_image_2021-03-15_20-34-47.jpg","contentUrl":"https:\/\/cs-mihaileni.md\/wp-content\/uploads\/2021\/04\/viber_image_2021-03-15_20-34-47.jpg","width":1600,"height":1066},{"@type":"BreadcrumbList","@id":"https:\/\/cs-mihaileni.md\/index.php\/medici-experimentati\/#breadcrumb","itemListElement":[{"@type":"ListItem","position":1,"name":"Prima pagin\u0103","item":"https:\/\/cs-mihaileni.md\/"},{"@type":"ListItem","position":2,"name":"Medici experimenta\u021bi"}]},{"@type":"WebSite","@id":"https:\/\/cs-mihaileni.md\/#website","url":"https:\/\/cs-mihaileni.md\/","name":"Centrul de S\u0103n\u0103tate Mih\u0103ileni","description":"Institu\u0163ie Medico-Sanitar\u0103 Public\u0103","potentialAction":[{"@type":"SearchAction","target":{"@type":"EntryPoint","urlTemplate":"https:\/\/cs-mihaileni.md\/?s={search_term_string}"},"query-input":{"@type":"PropertyValueSpecification","valueRequired":true,"valueName":"search_term_string"}}],"inLanguage":"ro-RO"}]}},"_links":{"self":[{"href":"https:\/\/cs-mihaileni.md\/index.php\/wp-json\/wp\/v2\/pages\/148","targetHints":{"allow":["GET"]}}],"collection":[{"href":"https:\/\/cs-mihaileni.md\/index.php\/wp-json\/wp\/v2\/pages"}],"about":[{"href":"https:\/\/cs-mihaileni.md\/index.php\/wp-json\/wp\/v2\/types\/page"}],"author":[{"embeddable":true,"href":"https:\/\/cs-mihaileni.md\/index.php\/wp-json\/wp\/v2\/users\/1"}],"replies":[{"embeddable":true,"href":"https:\/\/cs-mihaileni.md\/index.php\/wp-json\/wp\/v2\/comments?post=148"}],"version-history":[{"count":3,"href":"https:\/\/cs-mihaileni.md\/index.php\/wp-json\/wp\/v2\/pages\/148\/revisions"}],"predecessor-version":[{"id":562,"href":"https:\/\/cs-mihaileni.md\/index.php\/wp-json\/wp\/v2\/pages\/148\/revisions\/562"}],"wp:featuredmedia":[{"embeddable":true,"href":"https:\/\/cs-mihaileni.md\/index.php\/wp-json\/wp\/v2\/media\/560"}],"wp:attachment":[{"href":"https:\/\/cs-mihaileni.md\/index.php\/wp-json\/wp\/v2\/media?parent=148"}],"curies":[{"name":"wp","href":"https:\/\/api.w.org\/{rel}","templated":true}]}}