{"id":217,"date":"2021-03-12T21:12:31","date_gmt":"2021-03-12T21:12:31","guid":{"rendered":"https:\/\/cs-mihaileni.md\/?page_id=217"},"modified":"2021-03-12T22:19:13","modified_gmt":"2021-03-12T22:19:13","slug":"consultari-la-distanta","status":"publish","type":"page","link":"https:\/\/cs-mihaileni.md\/index.php\/consultari-la-distanta\/","title":{"rendered":"Consult\u0103ri la distan\u021b\u0103"},"content":{"rendered":"\n<p>De\u0219i consulta\u021biile prin telefon sunt informative \u00een multe cazuri, consulta\u021biile prin apel video ofer\u0103<br>avantajul prezen\u021bei terapeutice prin vizualizarea semnelor clinice. Prin urmare, consulta\u021bia prin apel<br>video este potrivit\u0103 pentru pacien\u021bii: bolnavi; cu comorbidit\u0103\u021bi; care se afl\u0103 \u00een condi\u021bii sociale nefavorabile,<br>ce influen\u021beaz\u0103 dezvoltarea bolii; celor anxio\u0219i. Pacien\u021bii cu probleme de auz de asemenea vor prefera apelurile video celor realizate prin telefon.<br>\u00cenainte de a apela, deschide\u021bi fi\u0219a medical\u0103 a pacientului \u0219i verifica\u021bi factorii de risc pentru dezvoltarea bolii COVID-19. Acorda\u021bi aten\u021bie persoanelor imunocompromise (de ex.: fragilitate, diabet, afec\u021biuni<br>renale sau hepatice cronice, sarcin\u0103; administrarea chimioterapiei, steroizilor sau a altor imunosupresoare),<br>cu dependen\u021b\u0103 de consumul de tutun, cu maladii cardiovasculare, astm sau boal\u0103 pulmonar\u0103 obstructiv\u0103 cronic\u0103.<br>Asigura\u021bi-v\u0103 c\u0103 ave\u021bi \u00eenregistrat num\u0103rul de telefon al pacien\u021bilor c\u0103rora urmeaz\u0103 s\u0103 le telefona\u021bi. Verifica\u021bi<br>calitatea apelului audio \u0219i\/sau video \u00een timpul convorbirii (\u201eM\u0103 auzi\u021bi\/vede\u021bi bine?\u201d), ruga\u021bi pacientul s\u0103 fac\u0103<br>acela\u0219i lucru \u0219i s\u0103 ajusteze volumul microfonului. Elabora\u021bi o codificare a rezultatelor consulta\u021biilor prin apel<br>telefonic ori video; de ex., codul poate include data\/ora apelului, starea pacientului \u00eensemnat\u0103 prin cod de litere:<br>B \u2013 bun\u0103, C \u2013 comorbidit\u0103\u021bi, A \u2013 afectat\u0103, D \u2013 deteriorat\u0103. \u00cenregistra\u021bi rezultatele convorbirii \u00een fi\u0219a medical\u0103.<br>Deoarece s\u0103n\u0103tatea pacien\u021bilor afecta\u021bi de noul tip de Coronavirus se poate \u00eenr\u0103ut\u0103\u021bi fulminant<br>pe parcursul a 10-14 zile de la debutul bolii, c\u00e2nd cel mai frecvent pacientul dezvolt\u0103 deteriorare grav\u0103<br>a pl\u0103m\u00e2nilor \u0219i insuficien\u021b\u0103 poliorganic\u0103, consulta\u021bia medicului \u00een aceast\u0103 perioad\u0103 este crucial\u0103.<br>Verifica\u021bi identitatea pacientului, \u00eentreba\u021bi unde se afl\u0103 \u00een acest moment \u0219i \u00eencepe\u021bi evaluarea ini\u021bial\u0103<br>(Cum se simte? Ce face? Pare deranjat\/\u0103? Are respira\u021bia dificil\u0103? \u00cei este greu s\u0103 vorbeasc\u0103?). Dac\u0103 pacientul\/a<br>pare bolnav\/\u0103, trece\u021bi direct la \u00eentreb\u0103rile clinice cheie.<br>Re\u021bine\u021bi inciden\u021ba aproximativ\u0103 a simptomelor \u0219i a semnelor-cheie enun\u021bate \u00een Ghidul COVID-19.<br>Consulta\u021bii la distan\u021b\u0103 (vede\u021bi infograficul, coloana din dreapta), cu men\u021biunea c\u0103 aceast\u0103 list\u0103 a fost generat\u0103 \u00eentr-o popula\u021bie diferit\u0103 \u0219i poate s\u0103 nu reflecte cazul pe care \u00eel examina\u021bi. Ghidul trebuie utilizat flexibil,<br>\u021bin\u00e2nd cont de istoricul medical \u0219i de problemele ce apar \u00een timpul conversa\u021biei. Pacien\u021bii v\u00e2rstnici \u0219i<br>imunocompromi\u0219i se pot prezenta atipic.<br>Dificultatea de respira\u021bie (dispneea) este un simptom important \u00een cazurile grave de boal\u0103, \u00eens\u0103<br>instrumentele de evaluare sigur\u0103 la distan\u021b\u0103 au doar putere de recomandare (vede\u021bi Caseta 1). Nota\u021bi data<br>primului simptom pentru a \u00eenregistra data debutului bolii. Febra \u00een afec\u021biunea cu COVID-19 este prezent\u0103 adesea, dar nu \u00eentotdeauna; temperatura corpului poate atinge 38,0\u00b0C \u0219i tinde s\u0103 persiste mai mult<br>de cinci zile. Re\u021bine\u021bi: p\u00e2n\u0103 la jum\u0103tate din to\u021bi pacien\u021bii cu aceast\u0103 infec\u021bie nu au febr\u0103 la prezentarea<br>ini\u021bial\u0103, adic\u0103 la prima consulta\u021bie la distan\u021b\u0103! Majoritatea, dar nu to\u021bi cei afecta\u021bi de COVID-19, au tuse, care,<br>de obicei, persist\u0103 mai mult de cinci zile. Pierderea gustului \u0219i a mirosului este un simptom comun \u0219i<br>timpuriu. Simptomele gastrointestinale, cum ar fi diareea, sunt rare \u00een COVID-19, dar exist\u0103 dovezi care<br>sus\u021bin c\u0103 acestea ar putea fi mai frecvente dec\u00e2t se credea anterior. Simptomele sistemice includ oboseala<br>\u0219i durerea muscular\u0103, de\u0219i mul\u021bi pacien\u021bi nu au niciuna dintre ele.<\/p>\n","protected":false},"excerpt":{"rendered":"<p>De\u0219i consulta\u021biile prin telefon sunt informative \u00een multe cazuri, consulta\u021biile prin apel video ofer\u0103avantajul prezen\u021bei terapeutice prin vizualizarea semnelor clinice. Prin urmare, consulta\u021bia prin apelvideo este potrivit\u0103 pentru pacien\u021bii: bolnavi; cu comorbidit\u0103\u021bi; care se afl\u0103 \u00een condi\u021bii sociale nefavorabile,ce influen\u021beaz\u0103 dezvoltarea bolii; celor anxio\u0219i. Pacien\u021bii cu probleme de auz de asemenea vor prefera apelurile video&hellip;<\/p>\n","protected":false},"author":1,"featured_media":0,"parent":0,"menu_order":0,"comment_status":"closed","ping_status":"closed","template":"","meta":{"_monsterinsights_skip_tracking":false,"_monsterinsights_sitenote_active":false,"_monsterinsights_sitenote_note":"","_monsterinsights_sitenote_category":0,"footnotes":""},"class_list":["post-217","page","type-page","status-publish","hentry"],"yoast_head":"<!-- This site is optimized with the Yoast SEO plugin v27.4 - https:\/\/yoast.com\/product\/yoast-seo-wordpress\/ -->\n<title>Consult\u0103ri la distan\u021b\u0103 - Centrul de S\u0103n\u0103tate Mih\u0103ileni<\/title>\n<meta name=\"robots\" content=\"index, follow, max-snippet:-1, max-image-preview:large, max-video-preview:-1\" \/>\n<link rel=\"canonical\" href=\"https:\/\/cs-mihaileni.md\/index.php\/consultari-la-distanta\/\" \/>\n<meta property=\"og:locale\" content=\"ro_RO\" \/>\n<meta property=\"og:type\" content=\"article\" \/>\n<meta property=\"og:title\" content=\"Consult\u0103ri la distan\u021b\u0103 - Centrul de S\u0103n\u0103tate Mih\u0103ileni\" \/>\n<meta property=\"og:description\" content=\"De\u0219i consulta\u021biile prin telefon sunt informative \u00een multe cazuri, consulta\u021biile prin apel video ofer\u0103avantajul prezen\u021bei terapeutice prin vizualizarea semnelor clinice. Prin urmare, consulta\u021bia prin apelvideo este potrivit\u0103 pentru pacien\u021bii: bolnavi; cu comorbidit\u0103\u021bi; care se afl\u0103 \u00een condi\u021bii sociale nefavorabile,ce influen\u021beaz\u0103 dezvoltarea bolii; celor anxio\u0219i. Pacien\u021bii cu probleme de auz de asemenea vor prefera apelurile video&hellip;\" \/>\n<meta property=\"og:url\" content=\"https:\/\/cs-mihaileni.md\/index.php\/consultari-la-distanta\/\" \/>\n<meta property=\"og:site_name\" content=\"Centrul de S\u0103n\u0103tate Mih\u0103ileni\" \/>\n<meta property=\"article:modified_time\" content=\"2021-03-12T22:19:13+00:00\" \/>\n<meta name=\"twitter:card\" content=\"summary_large_image\" \/>\n<meta name=\"twitter:label1\" content=\"Timp estimat pentru citire\" \/>\n\t<meta name=\"twitter:data1\" content=\"3 minute\" \/>\n<script type=\"application\/ld+json\" class=\"yoast-schema-graph\">{\"@context\":\"https:\\\/\\\/schema.org\",\"@graph\":[{\"@type\":\"WebPage\",\"@id\":\"https:\\\/\\\/cs-mihaileni.md\\\/index.php\\\/consultari-la-distanta\\\/\",\"url\":\"https:\\\/\\\/cs-mihaileni.md\\\/index.php\\\/consultari-la-distanta\\\/\",\"name\":\"Consult\u0103ri la distan\u021b\u0103 - Centrul de S\u0103n\u0103tate Mih\u0103ileni\",\"isPartOf\":{\"@id\":\"https:\\\/\\\/cs-mihaileni.md\\\/#website\"},\"datePublished\":\"2021-03-12T21:12:31+00:00\",\"dateModified\":\"2021-03-12T22:19:13+00:00\",\"breadcrumb\":{\"@id\":\"https:\\\/\\\/cs-mihaileni.md\\\/index.php\\\/consultari-la-distanta\\\/#breadcrumb\"},\"inLanguage\":\"ro-RO\",\"potentialAction\":[{\"@type\":\"ReadAction\",\"target\":[\"https:\\\/\\\/cs-mihaileni.md\\\/index.php\\\/consultari-la-distanta\\\/\"]}]},{\"@type\":\"BreadcrumbList\",\"@id\":\"https:\\\/\\\/cs-mihaileni.md\\\/index.php\\\/consultari-la-distanta\\\/#breadcrumb\",\"itemListElement\":[{\"@type\":\"ListItem\",\"position\":1,\"name\":\"Prima pagin\u0103\",\"item\":\"https:\\\/\\\/cs-mihaileni.md\\\/\"},{\"@type\":\"ListItem\",\"position\":2,\"name\":\"Consult\u0103ri la distan\u021b\u0103\"}]},{\"@type\":\"WebSite\",\"@id\":\"https:\\\/\\\/cs-mihaileni.md\\\/#website\",\"url\":\"https:\\\/\\\/cs-mihaileni.md\\\/\",\"name\":\"Centrul de S\u0103n\u0103tate Mih\u0103ileni\",\"description\":\"Institu\u0163ie Medico-Sanitar\u0103 Public\u0103\",\"potentialAction\":[{\"@type\":\"SearchAction\",\"target\":{\"@type\":\"EntryPoint\",\"urlTemplate\":\"https:\\\/\\\/cs-mihaileni.md\\\/?s={search_term_string}\"},\"query-input\":{\"@type\":\"PropertyValueSpecification\",\"valueRequired\":true,\"valueName\":\"search_term_string\"}}],\"inLanguage\":\"ro-RO\"}]}<\/script>\n<!-- \/ Yoast SEO plugin. -->","yoast_head_json":{"title":"Consult\u0103ri la distan\u021b\u0103 - Centrul de S\u0103n\u0103tate Mih\u0103ileni","robots":{"index":"index","follow":"follow","max-snippet":"max-snippet:-1","max-image-preview":"max-image-preview:large","max-video-preview":"max-video-preview:-1"},"canonical":"https:\/\/cs-mihaileni.md\/index.php\/consultari-la-distanta\/","og_locale":"ro_RO","og_type":"article","og_title":"Consult\u0103ri la distan\u021b\u0103 - Centrul de S\u0103n\u0103tate Mih\u0103ileni","og_description":"De\u0219i consulta\u021biile prin telefon sunt informative \u00een multe cazuri, consulta\u021biile prin apel video ofer\u0103avantajul prezen\u021bei terapeutice prin vizualizarea semnelor clinice. Prin urmare, consulta\u021bia prin apelvideo este potrivit\u0103 pentru pacien\u021bii: bolnavi; cu comorbidit\u0103\u021bi; care se afl\u0103 \u00een condi\u021bii sociale nefavorabile,ce influen\u021beaz\u0103 dezvoltarea bolii; celor anxio\u0219i. Pacien\u021bii cu probleme de auz de asemenea vor prefera apelurile video&hellip;","og_url":"https:\/\/cs-mihaileni.md\/index.php\/consultari-la-distanta\/","og_site_name":"Centrul de S\u0103n\u0103tate Mih\u0103ileni","article_modified_time":"2021-03-12T22:19:13+00:00","twitter_card":"summary_large_image","twitter_misc":{"Timp estimat pentru citire":"3 minute"},"schema":{"@context":"https:\/\/schema.org","@graph":[{"@type":"WebPage","@id":"https:\/\/cs-mihaileni.md\/index.php\/consultari-la-distanta\/","url":"https:\/\/cs-mihaileni.md\/index.php\/consultari-la-distanta\/","name":"Consult\u0103ri la distan\u021b\u0103 - Centrul de S\u0103n\u0103tate Mih\u0103ileni","isPartOf":{"@id":"https:\/\/cs-mihaileni.md\/#website"},"datePublished":"2021-03-12T21:12:31+00:00","dateModified":"2021-03-12T22:19:13+00:00","breadcrumb":{"@id":"https:\/\/cs-mihaileni.md\/index.php\/consultari-la-distanta\/#breadcrumb"},"inLanguage":"ro-RO","potentialAction":[{"@type":"ReadAction","target":["https:\/\/cs-mihaileni.md\/index.php\/consultari-la-distanta\/"]}]},{"@type":"BreadcrumbList","@id":"https:\/\/cs-mihaileni.md\/index.php\/consultari-la-distanta\/#breadcrumb","itemListElement":[{"@type":"ListItem","position":1,"name":"Prima pagin\u0103","item":"https:\/\/cs-mihaileni.md\/"},{"@type":"ListItem","position":2,"name":"Consult\u0103ri la distan\u021b\u0103"}]},{"@type":"WebSite","@id":"https:\/\/cs-mihaileni.md\/#website","url":"https:\/\/cs-mihaileni.md\/","name":"Centrul de S\u0103n\u0103tate Mih\u0103ileni","description":"Institu\u0163ie Medico-Sanitar\u0103 Public\u0103","potentialAction":[{"@type":"SearchAction","target":{"@type":"EntryPoint","urlTemplate":"https:\/\/cs-mihaileni.md\/?s={search_term_string}"},"query-input":{"@type":"PropertyValueSpecification","valueRequired":true,"valueName":"search_term_string"}}],"inLanguage":"ro-RO"}]}},"_links":{"self":[{"href":"https:\/\/cs-mihaileni.md\/index.php\/wp-json\/wp\/v2\/pages\/217","targetHints":{"allow":["GET"]}}],"collection":[{"href":"https:\/\/cs-mihaileni.md\/index.php\/wp-json\/wp\/v2\/pages"}],"about":[{"href":"https:\/\/cs-mihaileni.md\/index.php\/wp-json\/wp\/v2\/types\/page"}],"author":[{"embeddable":true,"href":"https:\/\/cs-mihaileni.md\/index.php\/wp-json\/wp\/v2\/users\/1"}],"replies":[{"embeddable":true,"href":"https:\/\/cs-mihaileni.md\/index.php\/wp-json\/wp\/v2\/comments?post=217"}],"version-history":[{"count":2,"href":"https:\/\/cs-mihaileni.md\/index.php\/wp-json\/wp\/v2\/pages\/217\/revisions"}],"predecessor-version":[{"id":276,"href":"https:\/\/cs-mihaileni.md\/index.php\/wp-json\/wp\/v2\/pages\/217\/revisions\/276"}],"wp:attachment":[{"href":"https:\/\/cs-mihaileni.md\/index.php\/wp-json\/wp\/v2\/media?parent=217"}],"curies":[{"name":"wp","href":"https:\/\/api.w.org\/{rel}","templated":true}]}}