{"id":88,"date":"2021-03-14T12:51:15","date_gmt":"2021-03-14T12:51:15","guid":{"rendered":"http:\/\/demo.acmethemes.com\/medical-circle\/?page_id=206"},"modified":"2021-03-25T20:06:56","modified_gmt":"2021-03-25T20:06:56","slug":"activitati","status":"publish","type":"page","link":"https:\/\/cs-mihaileni.md\/index.php\/activitati\/","title":{"rendered":"Activit\u0103\u021bi"},"content":{"rendered":"<div id=\"pl-206\" class=\"panel-layout\">\n<div id=\"pg-206-0\" class=\"panel-grid panel-no-style\" data-style=\"{&quot;background_display&quot;:&quot;tile&quot;,&quot;cell_alignment&quot;:&quot;flex-start&quot;}\">\n<div id=\"pgc-206-0-0\" class=\"panel-grid-cell\" data-weight=\"0.5\">\n<div id=\"panel-206-0-0-0\" class=\"so-panel widget widget_media_image panel-first-child panel-last-child\" data-index=\"0\" data-style=\"{&quot;background_display&quot;:&quot;tile&quot;}\"><img fetchpriority=\"high\" decoding=\"async\" class=\"alignnone size-medium wp-image-396\" src=\"https:\/\/cs-mihaileni.md\/wp-content\/uploads\/2021\/03\/centru-de-sanatate-300x204.jpg\" alt=\"\" width=\"300\" height=\"204\" srcset=\"https:\/\/cs-mihaileni.md\/wp-content\/uploads\/2021\/03\/centru-de-sanatate-300x204.jpg 300w, https:\/\/cs-mihaileni.md\/wp-content\/uploads\/2021\/03\/centru-de-sanatate-1024x697.jpg 1024w, https:\/\/cs-mihaileni.md\/wp-content\/uploads\/2021\/03\/centru-de-sanatate-768x523.jpg 768w, https:\/\/cs-mihaileni.md\/wp-content\/uploads\/2021\/03\/centru-de-sanatate-1536x1045.jpg 1536w, https:\/\/cs-mihaileni.md\/wp-content\/uploads\/2021\/03\/centru-de-sanatate-2048x1394.jpg 2048w\" sizes=\"(max-width: 300px) 100vw, 300px\" \/><\/div>\n<\/div>\n<div id=\"pgc-206-0-1\" class=\"panel-grid-cell\" data-weight=\"0.5\">\n<div id=\"panel-206-0-1-0\" class=\"so-panel widget widget_text panel-first-child panel-last-child\" data-index=\"1\" data-style=\"{&quot;background_display&quot;:&quot;tile&quot;}\">\n<div class=\"textwidget\">\n<div class=\"entry-content\">\n<p>Pe data de 23.03.2021 a avut loc a doua tran\u0219\u0103 de vaccin\u0103ri a lucr\u0103torilor medicali cu prima doz\u0103. Ace\u0219tia urmeaz\u0103 peste 3 sapt\u0103m\u00e2ni, s\u0103 primeasc\u0103 \u0219i a doua doz\u0103 a vaccinului, pentru a fi acesta \u00een totalmente eficient.<\/p>\n<\/div>\n<\/div>\n<\/div>\n<\/div>\n<\/div>\n<div id=\"pg-206-1\" class=\"panel-grid panel-no-style\" data-style=\"{&quot;background_display&quot;:&quot;tile&quot;,&quot;cell_alignment&quot;:&quot;flex-start&quot;}\">\n<div id=\"pgc-206-1-0\" class=\"panel-grid-cell\" data-weight=\"1\">\n<div id=\"panel-206-1-0-0\" class=\"so-panel widget widget_medical_circle_accordion panel-first-child panel-last-child\" data-index=\"2\" data-style=\"{&quot;background_image_attachment&quot;:false,&quot;background_display&quot;:&quot;tile&quot;}\">\n<section id=\"medical_circle_accordion-2\" class=\"at-widgets acme-accordions \">\n<div class=\"container\">\n<div class=\"main-title init-animate\">\n<h3 class=\"widget-title\">\u00centreb\u0103ri frecvente<\/h3>\n<\/div>\n<div class=\"row\">\n<div class=\"col-md-12\">\n<div class=\"accordion-content\">\n<div class=\"accordion-item init-animate\">\n<h3 class=\"accordion-title\"><i class=\"accordion-icon fa fa-angle-up\"><\/i>Cum fac o programare la medicul de familie?<\/h3>\n<div class=\"accordion-details\">\n<p>La moment program\u0103rile sunt efectuate la telefon sau la registratura centrului de s\u0103n\u0103tate.<\/p>\n<\/div>\n<\/div>\n<div class=\"accordion-item init-animate\">\n<h3 class=\"accordion-title\"><i class=\"accordion-icon fa fa-angle-down\"><\/i>Ce este Covid-19 \u0219i cum ne protej\u0103m?<\/h3>\n<div class=\"accordion-details\">\n<p>Boala este asemenea cunoscut\u0103 sub numele de <b>sindromul respirator acut 2019-nCoV<\/b><sup id=\"cite_ref-NHC2020Name_20-0\" class=\"reference\"><\/sup>,\u00a0<b>sindromul respirator acut sever 2<\/b>\u00a0\u0219i\u00a0<b>pneumonia Wuhan<\/b>, este un sindrom respirator viral cauzat de\u00a0<i><a title=\"Coronavirusul sindromului respirator acut sever 2\" href=\"https:\/\/ro.wikipedia.org\/wiki\/Coronavirusul_sindromului_respirator_acut_sever_2\">coronavirusul sindromului respirator acut sever 2 (SARS-CoV-2)<\/a><sup id=\"cite_ref-autogenerated2_21-0\" class=\"reference\"><\/sup><sup id=\"cite_ref-22\" class=\"reference\"><\/sup><\/i>. Acesta este sindromul implicat \u00een\u00a0<a class=\"mw-redirect\" title=\"Pandemia de coronaviroz\u0103 (COVID-19)\" href=\"https:\/\/ro.wikipedia.org\/wiki\/Pandemia_de_coronaviroz%C4%83_(COVID-19)\">pandemia de coronavirus 2019-20<\/a><sup id=\"cite_ref-23\" class=\"reference\"><\/sup>.<\/p>\n<p>Covid-19 a ap\u0103rut \u00een 2019.Modul primar de infec\u021bie la om este transmiterea om-om, care are loc \u00een general prin pic\u0103turi de secre\u021bii respiratorii de la persoane infectate care sunt expulzate prin\u00a0<a title=\"Str\u0103nut\" href=\"https:\/\/ro.wikipedia.org\/wiki\/Str%C4%83nut\">str\u0103nut<\/a>,\u00a0<a title=\"Tuse\" href=\"https:\/\/ro.wikipedia.org\/wiki\/Tuse\">tuse<\/a> sau expira\u021bie<sup id=\"cite_ref-:0_24-0\" class=\"reference\"><\/sup>. Virusul are o perioad\u0103 de incuba\u021bie \u00een general de \u00eentre 2 \u0219i 14 zile<sup id=\"cite_ref-25\" class=\"reference\"><\/sup>, cu o medie de 3 zile, de\u0219i au fost raportate cazuri cu o perioad\u0103 de incuba\u021bie de p\u00e2n\u0103 la 24 de zile<sup id=\"cite_ref-26\" class=\"reference\"><\/sup>. Transmiterea poate fi limitat\u0103 prin sp\u0103larea pe m\u00e2ini, igien\u0103 \u0219i purtarea de m\u0103\u0219ti chirurgicale<sup id=\"cite_ref-27\" class=\"reference\"><\/sup><sup id=\"cite_ref-:1_29-0\" class=\"reference\"><a href=\"https:\/\/ro.wikipedia.org\/wiki\/COVID-19#cite_note-:1-29\">]<\/a><\/sup>.<\/p>\n<p>Boala poate ini\u021bial s\u0103 se prezinte asimptomatic sau cu pu\u021bine simptome, iar ulterior poate dezvolta\u00a0<a title=\"Febr\u0103\" href=\"https:\/\/ro.wikipedia.org\/wiki\/Febr%C4%83\">febr\u0103<\/a>,\u00a0<a title=\"Tuse\" href=\"https:\/\/ro.wikipedia.org\/wiki\/Tuse\">tuse<\/a>,\u00a0<a title=\"Dispnee\" href=\"https:\/\/ro.wikipedia.org\/wiki\/Dispnee\">dificult\u0103\u021bi de respira\u021bie<\/a>, dureri musculare \u0219i oboseal\u0103<sup id=\"cite_ref-pmid32031570_30-0\" class=\"reference\"><\/sup>, urmate de\u00a0<a title=\"Pneumonie\" href=\"https:\/\/ro.wikipedia.org\/wiki\/Pneumonie\">pneumonie<\/a>, sindrom de detres\u0103 respiratorie acut\u0103 \u0219i\u00a0<a title=\"Moarte\" href=\"https:\/\/ro.wikipedia.org\/wiki\/Moarte\">deces<\/a>. Nu exist\u0103 nici vaccinuri, nici tratamente eficiente, iar eforturile sunt de obicei limitate la ameliorarea simptomelor \u0219i m\u0103suri de sus\u021binere<sup id=\"cite_ref-cdc21Jan20202_31-0\" class=\"reference\"><\/sup>. Orice persoan\u0103 care b\u0103nuie\u0219te c\u0103 este purt\u0103toare a virusului este sf\u0103tuit\u0103 s\u0103 poarte o masc\u0103 chirurgical\u0103 de fa\u021b\u0103 \u0219i s\u0103 cear\u0103 sfatul medicului prin telefon \u00een loc de a vizita \u00een persoan\u0103 o clinic\u0103<sup id=\"cite_ref-:17_32-0\" class=\"reference\"><\/sup><sup id=\"cite_ref-:21_34-0\" class=\"reference\"><\/sup>.<\/p>\n<\/div>\n<\/div>\n<div class=\"accordion-item init-animate\">\n<h3 class=\"accordion-title\"><i class=\"accordion-icon fa fa-angle-down\"><\/i>Ce vaccin\u0103 trebuie s\u0103 administrez copilului \u0219i la ce perioad\u0103 de timp?<\/h3>\n<div class=\"accordion-details\">\n<p>Vaccinile sunt administrare conform calendarului de vaccini.<\/p>\n<\/div>\n<\/div>\n<div class=\"accordion-item init-animate\">\n<h3 class=\"accordion-title\"><i class=\"accordion-icon fa fa-angle-down\"><\/i>De ce trebuie s\u0103 venim regulat la medic?<\/h3>\n<div class=\"accordion-details\">\n<p>La medic trebuie s\u0103 venim pentru examnul profilactic o dat\u0103 la 6 luni pentru prevenirea anumitor maladii.<\/p>\n<\/div>\n<\/div>\n<\/div>\n<\/div>\n<\/div>\n<\/div>\n<\/section>\n<\/div>\n<\/div>\n<\/div>\n<\/div>\n","protected":false},"excerpt":{"rendered":"<p>Pe data de 23.03.2021 a avut loc a doua tran\u0219\u0103 de vaccin\u0103ri a lucr\u0103torilor medicali cu prima doz\u0103. Ace\u0219tia urmeaz\u0103 peste 3 sapt\u0103m\u00e2ni, s\u0103 primeasc\u0103 \u0219i a doua doz\u0103 a vaccinului, pentru a fi acesta \u00een totalmente eficient. \u00centreb\u0103ri frecvente Cum fac o programare la medicul de familie? La moment program\u0103rile sunt efectuate la telefon&hellip;<\/p>\n","protected":false},"author":1,"featured_media":0,"parent":0,"menu_order":0,"comment_status":"closed","ping_status":"closed","template":"","meta":{"_monsterinsights_skip_tracking":false,"_monsterinsights_sitenote_active":false,"_monsterinsights_sitenote_note":"","_monsterinsights_sitenote_category":0,"footnotes":""},"class_list":["post-88","page","type-page","status-publish","hentry"],"yoast_head":"<!-- This site is optimized with the Yoast SEO plugin v27.4 - https:\/\/yoast.com\/product\/yoast-seo-wordpress\/ -->\n<title>Activit\u0103\u021bi<\/title>\n<meta name=\"robots\" content=\"index, follow, max-snippet:-1, max-image-preview:large, max-video-preview:-1\" \/>\n<link rel=\"canonical\" href=\"https:\/\/cs-mihaileni.md\/index.php\/activitati\/\" \/>\n<meta property=\"og:locale\" content=\"ro_RO\" \/>\n<meta property=\"og:type\" content=\"article\" \/>\n<meta property=\"og:title\" content=\"Activit\u0103\u021bi\" \/>\n<meta property=\"og:description\" content=\"Pe data de 23.03.2021 a avut loc a doua tran\u0219\u0103 de vaccin\u0103ri a lucr\u0103torilor medicali cu prima doz\u0103. Ace\u0219tia urmeaz\u0103 peste 3 sapt\u0103m\u00e2ni, s\u0103 primeasc\u0103 \u0219i a doua doz\u0103 a vaccinului, pentru a fi acesta \u00een totalmente eficient. \u00centreb\u0103ri frecvente Cum fac o programare la medicul de familie? La moment program\u0103rile sunt efectuate la telefon&hellip;\" \/>\n<meta property=\"og:url\" content=\"https:\/\/cs-mihaileni.md\/index.php\/activitati\/\" \/>\n<meta property=\"og:site_name\" content=\"Centrul de S\u0103n\u0103tate Mih\u0103ileni\" \/>\n<meta property=\"article:modified_time\" content=\"2021-03-25T20:06:56+00:00\" \/>\n<meta property=\"og:image\" content=\"https:\/\/cs-mihaileni.md\/wp-content\/uploads\/2021\/03\/centru-de-sanatate-300x204.jpg\" \/>\n<meta name=\"twitter:card\" content=\"summary_large_image\" \/>\n<meta name=\"twitter:label1\" content=\"Timp estimat pentru citire\" \/>\n\t<meta name=\"twitter:data1\" content=\"2 minute\" \/>\n<script type=\"application\/ld+json\" class=\"yoast-schema-graph\">{\"@context\":\"https:\\\/\\\/schema.org\",\"@graph\":[{\"@type\":\"WebPage\",\"@id\":\"https:\\\/\\\/cs-mihaileni.md\\\/index.php\\\/activitati\\\/\",\"url\":\"https:\\\/\\\/cs-mihaileni.md\\\/index.php\\\/activitati\\\/\",\"name\":\"Activit\u0103\u021bi\",\"isPartOf\":{\"@id\":\"https:\\\/\\\/cs-mihaileni.md\\\/#website\"},\"primaryImageOfPage\":{\"@id\":\"https:\\\/\\\/cs-mihaileni.md\\\/index.php\\\/activitati\\\/#primaryimage\"},\"image\":{\"@id\":\"https:\\\/\\\/cs-mihaileni.md\\\/index.php\\\/activitati\\\/#primaryimage\"},\"thumbnailUrl\":\"https:\\\/\\\/cs-mihaileni.md\\\/wp-content\\\/uploads\\\/2021\\\/03\\\/centru-de-sanatate-300x204.jpg\",\"datePublished\":\"2021-03-14T12:51:15+00:00\",\"dateModified\":\"2021-03-25T20:06:56+00:00\",\"breadcrumb\":{\"@id\":\"https:\\\/\\\/cs-mihaileni.md\\\/index.php\\\/activitati\\\/#breadcrumb\"},\"inLanguage\":\"ro-RO\",\"potentialAction\":[{\"@type\":\"ReadAction\",\"target\":[\"https:\\\/\\\/cs-mihaileni.md\\\/index.php\\\/activitati\\\/\"]}]},{\"@type\":\"ImageObject\",\"inLanguage\":\"ro-RO\",\"@id\":\"https:\\\/\\\/cs-mihaileni.md\\\/index.php\\\/activitati\\\/#primaryimage\",\"url\":\"https:\\\/\\\/cs-mihaileni.md\\\/wp-content\\\/uploads\\\/2021\\\/03\\\/centru-de-sanatate.jpg\",\"contentUrl\":\"https:\\\/\\\/cs-mihaileni.md\\\/wp-content\\\/uploads\\\/2021\\\/03\\\/centru-de-sanatate.jpg\",\"width\":2272,\"height\":1546},{\"@type\":\"BreadcrumbList\",\"@id\":\"https:\\\/\\\/cs-mihaileni.md\\\/index.php\\\/activitati\\\/#breadcrumb\",\"itemListElement\":[{\"@type\":\"ListItem\",\"position\":1,\"name\":\"Prima pagin\u0103\",\"item\":\"https:\\\/\\\/cs-mihaileni.md\\\/\"},{\"@type\":\"ListItem\",\"position\":2,\"name\":\"Activit\u0103\u021bi\"}]},{\"@type\":\"WebSite\",\"@id\":\"https:\\\/\\\/cs-mihaileni.md\\\/#website\",\"url\":\"https:\\\/\\\/cs-mihaileni.md\\\/\",\"name\":\"Centrul de S\u0103n\u0103tate Mih\u0103ileni\",\"description\":\"Institu\u0163ie Medico-Sanitar\u0103 Public\u0103\",\"potentialAction\":[{\"@type\":\"SearchAction\",\"target\":{\"@type\":\"EntryPoint\",\"urlTemplate\":\"https:\\\/\\\/cs-mihaileni.md\\\/?s={search_term_string}\"},\"query-input\":{\"@type\":\"PropertyValueSpecification\",\"valueRequired\":true,\"valueName\":\"search_term_string\"}}],\"inLanguage\":\"ro-RO\"}]}<\/script>\n<!-- \/ Yoast SEO plugin. -->","yoast_head_json":{"title":"Activit\u0103\u021bi","robots":{"index":"index","follow":"follow","max-snippet":"max-snippet:-1","max-image-preview":"max-image-preview:large","max-video-preview":"max-video-preview:-1"},"canonical":"https:\/\/cs-mihaileni.md\/index.php\/activitati\/","og_locale":"ro_RO","og_type":"article","og_title":"Activit\u0103\u021bi","og_description":"Pe data de 23.03.2021 a avut loc a doua tran\u0219\u0103 de vaccin\u0103ri a lucr\u0103torilor medicali cu prima doz\u0103. Ace\u0219tia urmeaz\u0103 peste 3 sapt\u0103m\u00e2ni, s\u0103 primeasc\u0103 \u0219i a doua doz\u0103 a vaccinului, pentru a fi acesta \u00een totalmente eficient. \u00centreb\u0103ri frecvente Cum fac o programare la medicul de familie? La moment program\u0103rile sunt efectuate la telefon&hellip;","og_url":"https:\/\/cs-mihaileni.md\/index.php\/activitati\/","og_site_name":"Centrul de S\u0103n\u0103tate Mih\u0103ileni","article_modified_time":"2021-03-25T20:06:56+00:00","og_image":[{"url":"https:\/\/cs-mihaileni.md\/wp-content\/uploads\/2021\/03\/centru-de-sanatate-300x204.jpg","type":"","width":"","height":""}],"twitter_card":"summary_large_image","twitter_misc":{"Timp estimat pentru citire":"2 minute"},"schema":{"@context":"https:\/\/schema.org","@graph":[{"@type":"WebPage","@id":"https:\/\/cs-mihaileni.md\/index.php\/activitati\/","url":"https:\/\/cs-mihaileni.md\/index.php\/activitati\/","name":"Activit\u0103\u021bi","isPartOf":{"@id":"https:\/\/cs-mihaileni.md\/#website"},"primaryImageOfPage":{"@id":"https:\/\/cs-mihaileni.md\/index.php\/activitati\/#primaryimage"},"image":{"@id":"https:\/\/cs-mihaileni.md\/index.php\/activitati\/#primaryimage"},"thumbnailUrl":"https:\/\/cs-mihaileni.md\/wp-content\/uploads\/2021\/03\/centru-de-sanatate-300x204.jpg","datePublished":"2021-03-14T12:51:15+00:00","dateModified":"2021-03-25T20:06:56+00:00","breadcrumb":{"@id":"https:\/\/cs-mihaileni.md\/index.php\/activitati\/#breadcrumb"},"inLanguage":"ro-RO","potentialAction":[{"@type":"ReadAction","target":["https:\/\/cs-mihaileni.md\/index.php\/activitati\/"]}]},{"@type":"ImageObject","inLanguage":"ro-RO","@id":"https:\/\/cs-mihaileni.md\/index.php\/activitati\/#primaryimage","url":"https:\/\/cs-mihaileni.md\/wp-content\/uploads\/2021\/03\/centru-de-sanatate.jpg","contentUrl":"https:\/\/cs-mihaileni.md\/wp-content\/uploads\/2021\/03\/centru-de-sanatate.jpg","width":2272,"height":1546},{"@type":"BreadcrumbList","@id":"https:\/\/cs-mihaileni.md\/index.php\/activitati\/#breadcrumb","itemListElement":[{"@type":"ListItem","position":1,"name":"Prima pagin\u0103","item":"https:\/\/cs-mihaileni.md\/"},{"@type":"ListItem","position":2,"name":"Activit\u0103\u021bi"}]},{"@type":"WebSite","@id":"https:\/\/cs-mihaileni.md\/#website","url":"https:\/\/cs-mihaileni.md\/","name":"Centrul de S\u0103n\u0103tate Mih\u0103ileni","description":"Institu\u0163ie Medico-Sanitar\u0103 Public\u0103","potentialAction":[{"@type":"SearchAction","target":{"@type":"EntryPoint","urlTemplate":"https:\/\/cs-mihaileni.md\/?s={search_term_string}"},"query-input":{"@type":"PropertyValueSpecification","valueRequired":true,"valueName":"search_term_string"}}],"inLanguage":"ro-RO"}]}},"_links":{"self":[{"href":"https:\/\/cs-mihaileni.md\/index.php\/wp-json\/wp\/v2\/pages\/88","targetHints":{"allow":["GET"]}}],"collection":[{"href":"https:\/\/cs-mihaileni.md\/index.php\/wp-json\/wp\/v2\/pages"}],"about":[{"href":"https:\/\/cs-mihaileni.md\/index.php\/wp-json\/wp\/v2\/types\/page"}],"author":[{"embeddable":true,"href":"https:\/\/cs-mihaileni.md\/index.php\/wp-json\/wp\/v2\/users\/1"}],"replies":[{"embeddable":true,"href":"https:\/\/cs-mihaileni.md\/index.php\/wp-json\/wp\/v2\/comments?post=88"}],"version-history":[{"count":5,"href":"https:\/\/cs-mihaileni.md\/index.php\/wp-json\/wp\/v2\/pages\/88\/revisions"}],"predecessor-version":[{"id":523,"href":"https:\/\/cs-mihaileni.md\/index.php\/wp-json\/wp\/v2\/pages\/88\/revisions\/523"}],"wp:attachment":[{"href":"https:\/\/cs-mihaileni.md\/index.php\/wp-json\/wp\/v2\/media?parent=88"}],"curies":[{"name":"wp","href":"https:\/\/api.w.org\/{rel}","templated":true}]}}